ase 11) to base 6.
25243
-14421 (base 7) to base 11
-2aa2
What is 22240 (base 10) in base 16?
56e0
1012022001 (base 3) to base 11
16765
What is 11343 (base 6) in base 9?
2230
Convert -44063 (base 8) to base 15.
-5723
Convert 1212201 (base 3) to base 14.
6db
Convert -1111010100010 (base 2) to base 9.
-11673
Convert -17665 (base 12) to base 11.
-23413
-1010000202 (base 3) to base 4
-11112002
Convert -12111121 (base 3) to base 13.
-1a98
105525 (base 8) to base 3
1210221002
What is 2031021 (base 4) in base 15?
2a23
-1333302 (base 4) to base 12
-4896
-2035 (base 8) to base 10
-1053
Convert -20210 (base 4) to base 16.
-224
What is 146430 (base 8) in base 11?
364a1
What is -4a3 (base 11) in base 10?
-597
eddd (base 16) to base 11
41828
Convert -3233 (base 6) to base 15.
-346
Convert -1617 (base 11) to base 2.
-100000011011
-8131 (base 9) to base 14
-2245
Convert -12373 (base 12) to base 14.
-9011
What is 13a (base 15) in base 13?
187
-12098 (base 10) to base 14
-45a2
What is -10232101 (base 4) in base 5?
-1104340
What is 12118 (base 11) in base 8?
42043
Convert -428b (base 12) to base 16.
-1c8b
Convert 1000331 (base 5) to base 2.
11110101100100
Convert -557 (base 9) to base 15.
-207
-1302331 (base 5) to base 7
-133611
-221220111 (base 3) to base 12
-ab1a
Convert -1027 (base 14) to base 15.
-c54
What is -22101 (base 3) in base 9?
-271
Convert -2a66 (base 11) to base 4.
-331220
-1322 (base 14) to base 6
-23322
Convert -118 (base 13) to base 7.
-361
-76845 (base 9) to base 12
-25612
Convert -3370 (base 8) to base 5.
-24114
3719 (base 11) to base 6
34300
Convert 752 (base 11) to base 9.
1214
What is -97 (base 13) in base 8?
-174
Convert 11021212002 (base 3) to base 14.
22aca
4d5 (base 15) to base 6
5032
What is 105035 (base 7) in base 9?
27388
What is 1702 (base 8) in base 4?
33002
What is 45075 (base 9) in base 10?
29957
Convert 1211143 (base 5) to base 14.
8397
Convert 101213 (base 4) to base 16.
467
Convert -3649 (base 16) to base 2.
-11011001001001
-6599 (base 16) to base 11
-185a5
-13460 (base 10) to base 4
-3102110
What is -101121 (base 3) in base 6?
-1154
Convert 5c0 (base 15) to base 16.
519
What is -300322 (base 5) in base 11?
-7122
What is 2564 (base 8) in base 9?
1821
-220204 (base 5) to base 10
-7554
What is 2102411 (base 5) in base 4?
20132223
2001111 (base 3) to base 16
5da
-c91 (base 14) to base 15
-b04
What is -23012 (base 4) in base 6?
-3142
What is 111 (base 7) in base 13?
45
Convert -131120 (base 4) to base 11.
-145a
What is 175 (base 13) in base 3?
100211
What is -12022202 (base 3) in base 12?
-22b5
1110010101010010 (base 2) to base 15
125db
What is -b0c (base 13) in base 10?
-1871
-242532 (base 7) to base 10
-44172
What is 6015 (base 9) in base 6?
32152
Convert 122221 (base 3) to base 10.
484
Convert -a10 (base 14) to base 2.
-11110110110
Convert a1b (base 12) to base 13.
887
What is 173 (base 12) in base 3?
22120
-110033 (base 5) to base 10
-3768
Convert -389 (base 15) to base 9.
-1083
102 (base 14) to base 3
21100
What is -665 (base 16) in base 14?
-84d
What is -d50 (base 16) in base 13?
-1722
421 (base 10) to base 2
110100101
What is -7824 (base 9) in base 12?
-3411
What is -111210 (base 4) in base 7?
-4011
What is -37 (base 12) in base 16?
-2b
Convert 20a (base 15) to base 13.
295
What is 2151 (base 10) in base 5?
32101
-2031 (base 5) to base 6
-1122
50106 (base 10) to base 15
eca6
1ad8 (base 15) to base 14
21a4
What is 10d6 (base 15) in base 16?
df8
Convert -214 (base 10) to base 9.
-257
What is a87 (base 12) in base 11?
1183
111001010011 (base 2) to base 9
5024
Convert -3650 (base 7) to base 12.
-952
-aa29 (base 15) to base 16
-8cc7
-330 (base 9) to base 7
-534
What is 100000000 (base 2) in base 8?
400
What is 1029 (base 10) in base 12?
719
Convert -1000111111 (base 2) to base 5.
-4300
83867 (base 9) to base 6
1104224
104c (base 13) to base 6
14245
110243 (base 6) to base 13
4236
Convert 6686 (base 10) to base 7.
25331
25247 (base 8) to base 2
10101010100111
-5425 (base 8) to base 12
-1785
Convert -112024 (base 5) to base 8.
-7656
What is -37304 (base 8) in base 12?
-9370
-85a (base 11) to base 15
-48d
101011100 (base 2) to base 10
348
Convert -38587 (base 12) to base 4.
-102300313
What is -7c2b (base 16) in base 14?
-b827
5552 (base 9) to base 7
14642
463 (base 15) to base 14
50d
Convert -15019 (base 11) to base 14.
-7aa8
What is 594 (base 12) in base 6?
3504
What is 10100011010 (base 2) in base 16?
51a
Convert -a9d (base 14) to base 4.
-200303
Convert -11011001110101 (base 2) to base 8.
-33165
What is 25527 (base 8) in base 9?
16187
Convert -6526 (base 12) to base 5.
-323433
1100010 (base 2) to base 16
62
What is 10020 (base 5) in base 13?
39b
Convert 3429 (base 12) to base 2.
1011010100001
Convert -202 (base 5) to base 3.
-1221
What is 102013133 (base 4) in base 15?
16ec2
Convert 132265 (base 7) to base 10.
24841
What is 1736 (base 12) in base 14?
1026
Convert -ca0 (base 15) to base 5.
-42400
What is -12441 (base 5) in base 8?
-1744
Convert -24e (base 16) to base 5.
-4330
What is 1508 (base 12) in base 7?
10106
Convert 11660 (base 8) to base 7.
20460
Convert -4142042 (base 5) to base 15.
-153ec
7694 (base 10) to base 14
2b38
-1100001011110 (base 2) to base 15
-1cad
What is -2244 (base 7) in base 2?
-1100110000
Convert -2a8a (base 11) to base 12.
-236a
1758 (base 14) to base 15
1399
What is 47303 (base 11) in base 6?
1243543
What is 105121 (base 7) in base 14?
6ab8
What is -3103334 (base 5) in base 7?
-300066
Convert -341430 (base 5) to base 16.
-2f53
-10101011010 (base 2) to base 8
-2532
What is 11332332 (base 4) in base 13?
b205
-12330 (base 4) to base 7
-1203
6237 (base 13) to base 4
3103332
Convert 17b (base 14) to base 3.
102022
Convert 1301 (base 6) to base 9.
401
2252 (base 8) to base 6
5310
What is -15315 (base 11) in base 12?
-10663
What is -121112 (base 3) in base 16?
-1be
16635 (base 9) to base 6
125005
What is 73931 (base 10) in base 14?
1cd2b
What is -27a5 (base 11) in base 6?
-24440
Convert 5166 (base 7) to base 4.
130110
What is 27492 (base 10) in base 12?
13ab0
2123 (base 4) to base 12
10b
What is 492 (base 12) in base 5?
10221
What is -a41 (base 14) in base 6?
-13201
What is -215361 (base 8) in base 14?
-1c57b
-a6a (base 13) to base 9
-2385
What is 4a7 (base 14) in base 4?
32203
Convert -37615 (base 8) to base 12.
-94b9
Convert 110112 (base 3) to base 13.
200
106 (base 12) to base 10
150
Convert 107 (base 10) to base 6.
255
211201101 (base 3) to base 13
76cc
What is -4dc (base 16) in base 5?
-14434
Convert 70ae (base 15) to base 12.
11925
Convert -1011122 (base 3) to base 13.
-509
-12249 (base 13) to base 8
-101112
What is 11a (base 12) in base 9?
204
What is 160410 (base 7) in base 14?
b640
What is 336315 (base 7) in base 6?
1141013
Convert -2372 (base 12) to base 2.
-111110000110
Convert -caa (base 14) to base 13.
-11a6
What is 220022 (base 5) in base 6?
54440
-22420 (base 6) to base 4
-301230
What is -127 (base 16) in base 15?
-14a
What is -2ec (base 16) in base 7?
-2116
Convert 67bb (base 13) to base 8.
34267
Convert -b87 (base 12) to base 3.
-2022111
What is -7226 (base 12) in base 6?
-133250
Convert 165 (base 13) to base 14.
140
What is 1001110101 (base 2) in base 5?
10004
6632 (base 11) to base 2
10001000101011
-440131 (base 5) to base 14
-56a5
What is -11001111 (base 2) in base 11?
-179
-52212 (base 7) to base 6
-135130
Convert -a4 (base 12) to base 2.
-1111100
376 (base 14) to base 7
2006
2222013 (base 4) to base 7
43512
2221213 (base 4) to base 6
122131
Convert 1122111 (base 3) to base 11.
9a2
What is 6b (base 12) in base 3?
10002
-111110011010 (base 2) to base 13
-1a83
-14214 (base 6) to base 5
-32432
-12321 (base 4) to base 5
-3231
197 (base 11) to base 15
102
64421 (base 7) to base 11
11016
880 (base 13) to base 11
1104
What is 141b (base 13) in base 12?
1815
What is -203223 (base 5) in base 16?
-1a20
What is 263 (base 15) in base 14?
2ab
Convert -1600 (base 7) to base 8.
-1175
-64a6 (base 15) to base 12
-103b6
-36916 (base 10) to base 12
-19444
Convert 41323 (base 8) to base 9.
25417
Convert 2a2 (base 11) to base 10.
354
Convert 267 (base 14) to base 15.
223
What is 8ab (base 16) in base 6?
14135
Convert 110111101110 (base 2) to base 14.
142a
245 (base 15) to base 16
203
-745 (base 16) to b